5 is divided by 5328.
4831
Calculate the remainder when 28387905 is divided by 670.
5
Calculate the remainder when 4455187 is divided by 3646.
3421
What is the remainder when 75678848 is divided by 13?
11
What is the remainder when 1433637 is divided by 805?
737
Calculate the remainder when 390622 is divided by 195311.
0
What is the remainder when 472962 is divided by 94003?
2947
What is the remainder when 18021369 is divided by 987?
723
What is the remainder when 207596 is divided by 103277?
1042
Calculate the remainder when 29194880 is divided by 1591.
30
What is the remainder when 92539 is divided by 116?
87
What is the remainder when 111653166 is divided by 13956645?
6
Calculate the remainder when 2608841 is divided by 3732.
173
What is the remainder when 78884116 is divided by 261?
259
What is the remainder when 4122089 is divided by 4122076?
13
Calculate the remainder when 27490 is divided by 27197.
293
What is the remainder when 66770590 is divided by 21?
19
What is the remainder when 224250286 is divided by 12?
10
Calculate the remainder when 13551524 is divided by 8615.
129
Calculate the remainder when 579202 is divided by 34039.
539
Calculate the remainder when 8982330 is divided by 275.
5
Calculate the remainder when 11259918 is divided by 511814.
10
What is the remainder when 3097892 is divided by 413?
392
Calculate the remainder when 7567497 is divided by 239.
40
Calculate the remainder when 143471 is divided by 143040.
431
What is the remainder when 1229655 is divided by 13?
11
What is the remainder when 3906415 is divided by 5509?
534
Calculate the remainder when 179343 is divided by 14941.
51
What is the remainder when 319071 is divided by 673?
69
What is the remainder when 4998109 is divided by 2499051?
7
Calculate the remainder when 35041254 is divided by 132732.
6
What is the remainder when 4013733 is divided by 185?
158
What is the remainder when 876447 is divided by 744?
15
Calculate the remainder when 146654 is divided by 71014.
4626
What is the remainder when 5117473 is divided by 2066?
2057
Calculate the remainder when 22538434 is divided by 508.
506
What is the remainder when 414088 is divided by 323?
2
What is the remainder when 7410154 is divided by 2469998?
160
What is the remainder when 2097653 is divided by 821?
819
Calculate the remainder when 1128684 is divided by 2239.
228
What is the remainder when 46974 is divided by 23286?
402
What is the remainder when 13812299 is divided by 2682?
2681
Calculate the remainder when 7271492 is divided by 605.
602
What is the remainder when 659047 is divided by 8897?
669
Calculate the remainder when 1994226 is divided by 585.
546
Calculate the remainder when 49090 is divided by 11425.
3390
Calculate the remainder when 4790418 is divided by 33499.
61
What is the remainder when 52420129 is divided by 20310?
19
Calculate the remainder when 10828744 is divided by 70.
24
What is the remainder when 23841 is divided by 80?
1
Calculate the remainder when 40006299 is divided by 100.
99
Calculate the remainder when 1338396 is divided by 7.
3
What is the remainder when 1170448 is divided by 331?
32
Calculate the remainder when 981748 is divided by 8611.
94
What is the remainder when 897565 is divided by 2609?
69
Calculate the remainder when 391210 is divided by 130.
40
Calculate the remainder when 142400816 is divided by 39.
38
Calculate the remainder when 6338409 is divided by 14707.
14399
Calculate the remainder when 8331278 is divided by 2046.
2012
What is the remainder when 40830 is divided by 367?
93
Calculate the remainder when 463183 is divided by 28929.
319
Calculate the remainder when 750699 is divided by 375139.
421
What is the remainder when 26179770 is divided by 69?
66
What is the remainder when 1903721 is divided by 556?
533
Calculate the remainder when 44608790 is divided by 1593170.
30
What is the remainder when 2976888 is divided by 1664?
1656
Calculate the remainder when 20835 is divided by 826.
185
What is the remainder when 6232234 is divided by 2?
0
Calculate the remainder when 414698 is divided by 3427.
31
Calculate the remainder when 529188 is divided by 1707.
18
What is the remainder when 76069 is divided by 1380?
169
What is the remainder when 33733224 is divided by 76?
16
Calculate the remainder when 87538939 is divided by 27.
25
What is the remainder when 51560 is divided by 254?
252
Calculate the remainder when 4154525 is divided by 124.
29
What is the remainder when 390014 is divided by 55715?
9
What is the remainder when 8566449 is divided by 301?
290
Calculate the remainder when 86240 is divided by 85780.
460
What is the remainder when 34745192 is divided by 17?
14
What is the remainder when 21037 is divided by 757?
598
Calculate the remainder when 4095453 is divided by 3433.
3317
What is the remainder when 964398 is divided by 301?
295
What is the remainder when 2498890858 is divided by 4190?
4188
What is the remainder when 4353616 is divided by 494?
488
What is the remainder when 910673 is divided by 4743?
17
Calculate the remainder when 15257666 is divided by 5085882.
20
What is the remainder when 71018 is divided by 23628?
134
Calculate the remainder when 485451 is divided by 485439.
12
Calculate the remainder when 7080303 is divided by 611.
35
Calculate the remainder when 291219 is divided by 653.
634
Calculate the remainder when 4809299 is divided by 1230.
1229
Calculate the remainder when 27498177 is divided by 1978.
21
What is the remainder when 18099459 is divided by 6033122?
93
Calculate the remainder when 25973 is divided by 3296.
2901
What is the remainder when 2135279 is divided by 1099?
1021
Calculate the remainder when 162579 is divided by 10668.
2559
Calculate the remainder when 9938245 is divided by 17621.
1
What is the remainder when 2709878 is divided by 2709876?
2
Calculate the remainder when 7585019 is divided by 4.
3
Calculate the remainder when 6993548 is divided by 999077.
9
Calculate the remainder when 7460 is divided by 2449.
113
What is the remainder when 71510 is divided by 590?
120
Calculate the remainder when 15082832 is divided by 4968.
4952
What is the remainder when 14287935 is divided by 529182?
21
What is the remainder when 2659456 is divided by 5744?
5728
Calculate the remainder when 182123 is divided by 42463.
12271
What is the remainder when 4269111 is divided by 51?
3
Calculate the remainder when 397985 is divided by 61.
21
What is the remainder when 236618 is divided by 510?
488
Calculate the remainder when 883503 is divided by 333.
54
Calculate the remainder when 16533906 is divided by 608.
562
What is the remainder when 14435 is divided by 823?
444
Calculate the remainder when 57282434 is divided by 1689.
1688
What is the remainder when 3581997 is divided by 9303?
342
Calculate the remainder when 150967 is divided by 1076.
327
Calculate the remainder when 822799 is divided by 411348.
103
What is the remainder when 15686 is divided by 15638?
48
Calculate the remainder when 165267 is divided by 159.
66
Calculate the remainder when 244700 is divided by 5239.
3706
Calculate the remainder when 39021541 is divided by 99.
97
What is the remainder when 947645846 is divided by 31?
26
Calculate the remainder when 130069272 is divided by 44.
36
Calculate the remainder when 195840 is divided by 4255.
110
What is the remainder when 3717599 is divided by 101?
92
Calculate the remainder when 853 is divided by 1.
0
Calculate the remainder when 19802177 is divided by 1998.
1997
What is the remainder when 7356 is divided by 2395?
171
Calculate the remainder when 37576515 is divided by 406.
403
Calculate the remainder when 2215799 is divided by 1719.
8
Calculate the remainder when 356775 is divided by 50964.
27
What is the remainder when 674205447 is divided by 24?
15
What is the remainder when 24643482 is divided by 464971?
19
Calculate the remainder when 5424579 is divided by 319092.
15
Calculate the remainder when 501475257 is divided by 277.
274
Calculate the remainder when 12940426 is divided by 820.
6
Calculate the remainder when 101410 is divided by 8242.
2506
Calculate the remainder when 186098 is divided by 186025.
73
What is the remainder when 694114 is divided by 412?
306
What is the remainder when 55619 is divided by 